a + 2*n, 0*a + 765 = 3*a - 3*n. Suppose 298 = 5*v - 3*g - 12, 2*g = 4*v - a. Calculate the highest common divisor of v and 39.
13
Suppose o - t - 10 = 0, -4*o - 5*t + 8 + 5 = 0. Calculate the greatest common factor of o and 133.
7
Suppose -240 = -5*k + k. Let a = 139 - 139. Suppose a = 5*i - 0 - 75. Calculate the greatest common factor of i and k.
15
Let j(r) = r**2 + 62*r + 988. Let l be j(-28). Suppose 13 = -5*w + 643. Calculate the highest common divisor of l and w.
18
Let l = 33 - 17. Suppose -9 = -2*m - m - 3*r, 4*m - 19 = 3*r. What is the highest common factor of m and l?
4
Let s be (-4)/22 + (-10 - 57472/(-44)). Calculate the highest common factor of 81 and s.
81
Suppose -13*i - 6 = -16*i. Suppose -3*s = i*s. Suppose 3*w - 241 - 23 = s. Calculate the highest common factor of w and 11.
11
Suppose -2*s + 3*k + 30 = 0, 4*s - 1006 = -2*k - 994. Suppose 4*n + 16 = 112. What is the greatest common factor of n and s?
6
Suppose 2*t - g - 46 = -3*g, 0 = 3*g + 15. Let f(k) = -k + 11. Let d be f(6). Suppose 0 = 3*x + d*x - 56. Calculate the greatest common factor of x and t.
7
Suppose -171 = -2*z + 27. Let n = -1204 - -1237. What is the greatest common factor of n and z?
33
Let x(p) = 168*p + 488. Let a be x(4). Calculate the highest common factor of 20 and a.
20
Suppose 0 = k + 4*i + 4, k + 16 = 3*k + 2*i. Calculate the highest common divisor of k and 108.
12
Let y = -1 - -19. Let h(g) = g + 37. Let s be h(y). Calculate the highest common divisor of s and 5.
5
Let h(w) = -7*w - 14. Let t be h(-12). Suppose -4*p + 116 = 4*g, 5*g + 2 - 7 = 0. What is the highest common factor of t and p?
14
Let u be (35/28)/((-2)/(-16)). Let a = u - -1. Suppose k + 0*k - a = -s, -5*k + 3*s + 47 = 0. What is the greatest common divisor of 25 and k?
5
Let d = 123 - 19. Let f = 18 + -39. Let i be (-6)/4*182/f. Calculate the highest common factor of i and d.
13
Let i = 1154 - 1144. What is the highest common factor of i and 190?
10
Suppose 3*m - 17 = -3*l + 1, 4*m = 2*l. Suppose d + 5*j = -m*d + 520, -3*j = 4*d - 708. Calculate the highest common divisor of 36 and d.
36
Let m = -20 + 12. Let u = 3 - m. Calculate the greatest common factor of 33 and u.
11
Suppose -2*y + 66 = 16. Let g = 371 - 361. Calculate the highest common factor of g and y.
5
Let l = -1 + -2. Let i(p) = -1. Let f(g) = 21*g + 3. Let t(w) = -2*f(w) - 10*i(w). Let o be t(l). What is the highest common factor of o and 52?
26
Let k(f) = -f**2 - 9*f - 9. Let l be k(-7). Let p be (2 + 1)/(1/l). Suppose -5*a = -10*a + 50. Calculate the highest common divisor of p and a.
5
Let c(q) = -q**3 - 11*q**2 - q - 26. Let j be c(-11). Let f = 59 + j. What is the greatest common divisor of f and 4?
4
Let x be (-7 - (-776)/88) + (-4)/(-22). Let m be (3 + 0)/((-3)/(-10)). Calculate the greatest common divisor of x and m.
2
Let h(r) = -r**3 + 58. Let c be h(0). Calculate the greatest common factor of c and 87.
29
Let u be 52/(-13) - (-7 + 1). Suppose -u*f + 11 = k - 29, 0 = 4*f - k - 92. Suppose 0 = 4*x - 2 - 6. Calculate the highest common factor of f and x.
2
Let d(n) be the second derivative of n**4/3 - 2*n**3/3 + 15*n**2/2 + 6*n. Let h be d(-5). What is the highest common divisor of h and 15?
15
Let c = -9 - -12. Suppose 4*d + 42 = -5*g, 2*d - c*g + 8 = g. Let h be 2 - 20/d*4. Calculate the greatest common divisor of 36 and h.
12
Suppose 2 = 5*h - 5*d - 53, 4*d = 4. Let m(z) = -z**3 - 12*z**2 - 13*z - 10. Let s be m(-11). What is the highest common factor of h and s?
12
Let d(w) = 37*w + 44. Let c be d(1). What is the greatest common divisor of 108 and c?
27
Let f be (-6)/(-27) + ((-70)/9)/(-1). Suppose -3*s + d = -10, -6*s + 7*s + 2*d - f = 0. Calculate the greatest common divisor of 4 and s.
4
Let w = 2 - 11. Let l be (2 - 0)*w/(-6). Suppose l*x - x - 40 = 0. Calculate the greatest common divisor of x and 30.
10
Suppose -8*f + 330 = 3*f. Let j(s) = 37*s**2 - s. Let p be j(-2). Calculate the highest common divisor of f and p.
30
Suppose -5 = -14*r + 9*r. Let b(o) = 35*o**2 + 1. Let m be b(1). Suppose -q + m = 3*q. Calculate the greatest common factor of q and r.
1
Let q = 10 + 9. Let t = q - 3. Let l = t + 4. What is the highest common divisor of l and 140?
20
Suppose -3*j - 2*b + 486 = 0, 3*j = -2*j + 5*b + 785. Calculate the highest common divisor of 30 and j.
10
Let w(c) = 28*c**2 - 5*c - 4. Let s be w(-1). What is the greatest common divisor of s and 232?
29
Suppose 13*m - 180 = 10*m. Suppose -5*v = 4*w + m, 0 = -2*w + 4*w - 5*v + 30. Let l be 8/10*w/(-6). Calculate the highest common factor of l and 14.
2
Let l = 313 - 97. Let u = -56 + 83. Calculate the greatest common factor of l and u.
27
Let k be (2/4)/1*8. Let i(d) be the first derivative of d**3/3 - d**2/2 - 4*d + 7. Let m be i(5). What is the greatest common divisor of k and m?
4
Suppose -3*k - 3*n = -476 + 158, 3*k - 310 = n. Calculate the greatest common factor of k and 88.
8
Let q be (5 - -19)*(4 - (-32)/(-12)). What is the highest common divisor of 160 and q?
32
Let p(r) = r**3 - 5*r**2 + r - 6. Let d be p(5). Let l be d/2 - 405/(-10). Calculate the greatest common divisor of l and 5.
5
Suppose 6 = 5*j - 9, 2*v - 385 = -5*j. Let d = v + -73. Calculate the highest common divisor of d and 14.
14
Let c be (4 + -32 - 2)/((-18)/405). What is the greatest common divisor of 50 and c?
25
Let v(w) = w**2 - 23*w - 20. Let j be v(17). Let f = j - -138. Calculate the greatest common factor of 40 and f.
8
Let x = 5 + -2. Suppose 5*j - p - x*p - 16 = 0, 8 = -2*j - 2*p. Suppose t - 6*t + 255 = j. What is the greatest common factor of t and 17?
17
Let a(r) = 7*r**2 - 6*r - 2. Let w be a(2). Suppose l - w = -2*f + 4*f, f + 42 = 3*l. What is the highest common divisor of l and 28?
14
Let s = -8 - -20. Suppose d - 4*d = -s. Suppose 2*i - 5*i = -60. Calculate the greatest common factor of d and i.
4
Let z = 33 + 79. Suppose -4*f + 48 = -f. Calculate the greatest common divisor of z and f.
16
Suppose -9*l = -8 - 1. Let b be 120 - (1 + 3 - l - 4). What is the greatest common divisor of 11 and b?
11
Suppose -9*n + 4*n - 4363 = -3*x, 7275 = 5*x - 5*n. Suppose -14*v = -6*v - x. Calculate the highest common divisor of 14 and v.
14
Suppose 3*j - 2*m = -15 + 48, -j = -4*m - 21. Calculate the highest common factor of 72 and j.
9
Let s be (-8)/(-28) + (3 - 156/7). Let q = 35 + s. What is the greatest common divisor of 208 and q?
16
Let u be (-7)/(1 - -6) - (4 - 42). What is the greatest common divisor of u and 296?
37
Let n(i) = i**3 + 2*i**2 + 4*i. Let h be n(6). Suppose 5*r - h = -12. Suppose -2*d - 3*d = -r. What is the greatest common divisor of d and 12?
12
Let t = -2542 + 2564. Calculate the greatest common factor of 682 and t.
22
Let d(g) = -100*g - 32. Let b be d(-2). Calculate the highest common divisor of b and 96.
24
Suppose 20*g - 36*g + 656 = 0. Calculate the greatest common divisor of g and 4.
1
Suppose 17 = -2*n + 3. Let c(q) = -q**2 - 7*q + 2. Let v be c(n). Calculate the greatest common factor of 16 and v.
2
Let z(t) = 4*t**2 + 53*t + 235. Let r be z(-5). Let x = 24 - 14. What is the greatest common factor of x and r?
10
Let i be ((-21)/42)/(1/(-168)). Calculate the highest common divisor of i and 126.
42
Let g(j) = j**3 - 2*j + 4. Let k be g(3). Suppose 4*b = 19 + k. What is the highest common factor of 11 and b?
11
Suppose 4*f - 2*f + s - 66 = 0, 164 = 5*f + 3*s. Calculate the highest common divisor of 51 and f.
17
Let j(s) be the second derivative of -s**3 - 17*s**2/2 + 7*s. Let r be j(-6). Let u = 39 - r. Calculate the greatest common divisor of u and 8.
4
Let x = -150 - -149. Let n be (1/2)/(x - 9/(-8)). What is the highest common divisor of 68 and n?
4
Let u be 68/20 - (-6)/(-15). Suppose 9*q - 330 = u*q. Suppose -3*b + q = -5*v, 4*b = -2*v - 0*v + 108. What is the highest common divisor of b and 250?
25
Suppose 70 = 2*z - 42. Suppose z = 3*x + 8. Suppose 2*h - 25 = 3*n + 4, 0 = -h - 5*n + 21. Calculate the highest common factor of x and h.
16
Suppose 9*h = 5752 - 568. Calculate the greatest common factor of 18 and h.
18
Let p = 1277 - 899. Suppose 4*i - 2*f - 160 = 0, -110 + 18 = -2*i - 2*f. What is the greatest common factor of i and p?
42
Suppose 5*o = -3*i + 174, 4*i + 154 = 4*o + 34. Let y = 36 + -25. What is the greatest common divisor of o and y